4/3 + 3*m**2/2 - m. Let t = -2 - -3. Suppose 4*r = t + 11. What is b(r)?
-6
Let w(v) = -3 - 1 + v + 0. Suppose -5*q + 18 = 3*b + b, 5*b - 3*q - 4 = 0. Determine w(b).
-2
Let o(c) = -c**2 + 5*c + 1. Let a be o(4). Let d(h) be the second derivative of h**5/20 - 5*h**4/12 + h**3/6 + h**2/2 + 2*h. Determine d(a).
6
Let h(s) = -4*s. Let z be (3/(-2))/(3/(-4)*1). Give h(z).
-8
Let r(i) = -2*i - 9. Let d be r(-6). Let q = 2 - d. Let y(s) = 5*s**3 - 3*s. Let w(t) = 10*t**3 - 5*t. Let n(u) = 6*w(u) - 10*y(u). What is n(q)?
-10
Let q(m) = 5*m - 44. Let g be q(9). Let t(z) = 3*z - 3. Let c(d) be the third derivative of d**4/24 - d**3/6 + d**2. Let f(x) = g*c(x) - t(x). Give f(-3).
8
Let l be ((5 - 2)/(-3))/1. Let o(r) = -3*r**2 - 2*r - 1. Let c be o(l). Let f(a) = -2*a**3 - 3*a**2 - 2*a - 2. Calculate f(c).
6
Let x = -9 - -4. Let k(v) = 5*v - v + 13 + 4*v. Let u(s) = -s - 1. Let m(j) = k(j) + 6*u(j). Calculate m(x).
-3
Let s(i) be the first derivative of -i**4/4 + 7*i**3/3 + 3*i - 120. Suppose -4*t + 23 = -g, t + 4*t = -g + 40. Give s(t).
3
Let j = -22 + 27. Let s(k) = -k**2 + 6*k - 2. Give s(j).
3
Let u(a) = -3*a**2 - a. Suppose 0 = -4*w + 4 + 4. Suppose w*r + 12 = -2*r. Let z be (-1)/r + 6/9. Give u(z).
-4
Let f(q) = q - 4. Let s(t) be the third derivative of 5*t**3/6 + t**2. Let p(x) = -3*f(x) - 2*s(x). Give p(3).
-7
Suppose 3*f + 22 = k - 19, -3*f = -2*k + 46. Let v(j) = -j**3 - 13*j**2 - 11*j + 17. Give v(f).
5
Let i(p) = -p**2 - 2*p + 3. Let x(w) = w**2 - 7*w + 8. Let h be x(6). Calculate i(h).
-5
Let g = 50 + -30. Suppose g = -4*n, 4*k + 3 = -n + 6. Let c(q) = -q**3 + 3*q**2 - 2*q. Give c(k).
0
Let k(z) = -z**2 + 7*z. Let f be k(6). Let r(m) = m**2 + m + 1. Let q(b) = -5*b**2 - 14*b - 1. Let y(x) = q(x) + 6*r(x). Determine y(f).
-7
Let o(n) = -8*n - 1. Suppose -23 - 1 = 4*w - 4*c, 2*c - 10 = 0. Determine o(w).
7
Let o(q) be the first derivative of 4 + 1/3*q**3 + 3*q**2 - 3*q. Give o(-5).
-8
Let f = 61 - 56. Let d(g) be the second derivative of -g**3/6 + g**2 - 2*g. Give d(f).
-3
Let v(u) = u - 6. Let s be v(0). Let l(a) = 2*a + 8. Let m be l(s). Let x be (2/4 - 0)*m. Let t(k) = -2*k - 2. Give t(x).
2
Let y = 12 + -14. Let n(o) = -o**2 - 4*o - 2. Give n(y).
2
Let h be -1*(5 - 2) - -2. Let p(m) be the first derivative of -5/4*m**4 + 1/3*m**3 + 1/2*m**2 + 3 + 0*m. What is p(h)?
5
Let k(q) = -q**3 + 6*q**2 - 2*q + 5. Let l be (-1 + 8 + -1)*24/24. Determine k(l).
-7
Let i(r) = -r**3 - 12*r + 6*r + 0*r**2 - 6 - 6*r**2. Give i(-5).
-1
Let u(i) = -i**3 + 5*i**2 - 2*i - 3. Let p be u(4). Let o(g) = 2 + 2 + 0*g + g + 3. Calculate o(p).
12
Let r(j) = -1 + 0*j - 7*j + 6*j. What is r(3)?
-4
Let u(w) = w**2 + 3*w + 1. Suppose 0 = -4*h - 6 - 6. What is u(h)?
1
Let w(s) = 4*s - 1 - 4 - 3 - 3*s. Determine w(6).
-2
Let r(f) = -2*f - 6. Let k(i) = -4*i - 11. Suppose 6 = 2*y - 8. Let h(a) = y*r(a) - 4*k(a). Calculate h(-5).
-8
Suppose 4*f = -9 + 29. Let q(w) = w**3 - 5*w**2 - w - 3. What is q(f)?
-8
Let x(j) be the first derivative of 3*j**3 + j**2 + j - 1. Let k(s) = 3*s + 2. Let r be k(-2). Let o be (-9)/7 - r/14. Calculate x(o).
8
Let v(a) = 2*a**2 + 2*a - 1. Let i(u) = -u**2 - 2*u + 1. Let z(s) = -3*i(s) - 2*v(s). Give z(2).
-1
Let f(d) = 4*d**3 - 21*d**2 + 5*d - 2. Let p be f(5). Let k(j) = 2*j**3 - j**2 - 3*j - 1. Determine k(p).
-15
Suppose 2*g - 72 = -4*g. Let c(s) = s**3 - 13*s**2 + 11*s + 17. Give c(g).
5
Let i(v) = -2*v - 1. Let n(b) = 2*b - 6. Let f(a) = -2*a - 4. Let y be f(-4). Let d be n(y). Determine i(d).
-5
Let n(d) = -3*d**3 - 2*d**2 + 3*d + 5. Let u(z) = -4*z**3 - 3*z**2 + 4*z + 4. Let x(q) = 3*n(q) - 2*u(q). Let g(s) = -s**2 + 5*s + 6. Let j be g(6). Give x(j).
7
Let v be 5 + (-1 - (2 - 3)). Let y = -3 + v. Suppose -5*r - o = y, -4*o - 7 = -5*r + 1. Let m(z) = z**3 - 2. Determine m(r).
-2
Let x be (-32)/(-18) + 4/18. Let i(c) = -x*c**2 + c**3 - 3 + 4*c - 4*c + 2*c. Let g be i(2). Let m(w) = -3*w - 1. Calculate m(g).
-4
Suppose -3*c + 57 = 5*b - 6, -5*b = 0. Let o be ((-7)/c)/(1/(-6)). Suppose -4*v - 2 = -2*u, -2*u + 4*v - o*v = -4. Let h(d) = -d**2 + 5*d - 2. Determine h(u).
4
Let x(g) = -6*g - 3 + 0*g - g**3 + 2*g + 6*g**2. Determine x(5).
2
Let a(p) be the third derivative of -p**4/24 + 11*p**3/6 - 51*p**2. What is a(0)?
11
Let u(w) = -7*w**2 - 2*w + 2. Let a(h) = -279*h**2 - 81*h + 81. Let v(k) = 2*a(k) - 81*u(k). Calculate v(1).
9
Let b(f) be the first derivative of -2*f**3/3 + f**2 + f - 12. Give b(-1).
-3
Let n(i) = -4*i**2 + i + 6. Let t be (1 - 1*-4) + 1. Let v(q) = q**2 - 1. Let c(k) = t*v(k) + n(k). Determine c(-2).
6
Let z = -3 - -1. Let i be z/4*0 - 4. Let v be -1 - (i + 3) - 3. Let m(r) = r**2 + 3*r + 3. What is m(v)?
3
Let q(h) be the first derivative of -3*h**2/2 + h + 16. Determine q(2).
-5
Let b(p) = 2*p + 9. Suppose -4*m = -5 + 37. Give b(m).
-7
Suppose 2 - 8 = -3*f. Let v be ((-2)/f)/(12/(-24)). Let o(j) = 4*j + 2. Let a(h) = 2*h + 1. Let p(c) = -11*a(c) + 6*o(c). Calculate p(v).
5
Suppose u = 2*z + 10, 0 = z - 2 + 5. Suppose 0*j - 20 = u*j. Let o(h) = h**2 - 6*h - 2 + 0*h**2 - 2*h**2. What is o(j)?
3
Let y(h) = -4*h**2 + 6*h - 1. Let f(m) = 2*m**2 - 3*m + 1. Let o(x) = -5*f(x) - 2*y(x). Let v be ((-9)/(-6))/(3/26). Let i = -11 + v. What is o(i)?
-5
Let p(a) = -a**2 - a**2 + 2 + 7*a + 3*a**2. Let d be (-4)/(-14) - (-20)/28. Let x be (-4 - -3)*d*4. What is p(x)?
-10
Let a(l) = -42 + 12 + l + 17. Determine a(7).
-6
Let x be (-7)/(-2) - (-3)/(-6). Let l(j) = -1. Let i(n) = -n**3 + 4*n**2 + 2*n - 8. Let w = -16 - -22. Let b(f) = w*l(f) - i(f). Calculate b(x).
-13
Let i be ((-8)/16)/((-1)/(-12)). Let a(b) = -b**3 - 7*b**2 - 4*b + 2. What is a(i)?
-10
Let n be 3 - ((-2)/(-1) + 1). Let l(w) = -w + 14. Give l(n).
14
Let z(c) = -c - 5 + 0 + 6*c - c**2. Let n = -5 - -9. Give z(n).
-1
Suppose 8 + 2 = -5*h. Let v be 63/15 + h/10. Let y(k) = -2*k + 0 + 1 + 4. Determine y(v).
-3
Suppose -3*o + 0*o - 15 = 0. Let a(w) = 5 + 28*w - 2 - 27*w. Determine a(o).
-2
Let p(u) = -u - 15. Let q be p(-11). Let k(g) = -g**3 - 6*g**2 - 7*g - 4. Determine k(q).
-8
Suppose -2*q + 7 + 1 = 0, 2*q = 4*j + 24. Let k(c) = 10*c**2 + 24*c + 11. Let m(h) = -3*h**2 - 8*h - 4. Let u(g) = 2*k(g) + 7*m(g). Give u(j).
10
Let p = 87 + -82. Let q(j) = -5*j - 5. What is q(p)?
-30
Suppose -4*q = -2*r + 10, -r = 2*r - q - 5. Let l = r - -1. Let m(s) = -4 + 0 - l*s - s. Give m(-3).
5
Suppose 0 = -4*x - 6*p + 2*p, -5*x + p + 6 = 0. Let n = -3 - -21. Let f be x/(-6) - 87/n. Let k(q) = q - 1. Give k(f).
-6
Let b(s) = -s**2 + 2*s + 5. Suppose 0 = -3*u - 4*d, 0 = 4*u + 5*d - 3*d - 10. Determine b(u).
-3
Let a be (-4)/2 + (4 - 6). Let n(b) = -b**2 - 4*b + 1. What is n(a)?
1
Let p = 5 - 12. Let v(o) = o + 5. Give v(p).
-2
Let p = -22 + 21. Let q(h) = -4*h**3 + h**2 - h - 1. Calculate q(p).
5
Let x(b) be the third derivative of -1/24*b**4 + 5/6*b**3 + 0*b + 0 + 2*b**2. Give x(5).
0
Let f(x) = 11*x + 1. Let a be (-3)/(-1 - (-2)/(-4)). Suppose -3 + 1 = a*z. Give f(z).
-10
Let x(l) be the third derivative of l**5/60 - 3*l**4/8 + 5*l**3/6 - 8*l**2. Determine x(7).
-9
Let t(c) = c**2 + 8*c. Suppose -2*d = -4*p + 3*p - 1, 2*d = -8. Calculate t(p).
9
Let p = 7 + -5. Let d(h) = 4*h**p - 5*h**2 + 19 - 25. Let m(z) = -z - 4. Let o be m(-4). What is d(o)?
-6
Let o = -1 - -4. Suppose o*h - 3*n = 9, -h + 4*h + 9 = -3*n. Let m(k) = k + 5. What is m(h)?
5
Let m(y) = -y**3 - 1. Let l be m(-1). Suppose -t + 2*t = l. Let z(x) = -x + 6. Calculate z(t).
6
Let n(p) = -4*p + 3. Let l(a) be the second derivative of a**3/6 - a**2/2 + 2*a. Let g(f) = 2*l(f) + n(f). What is g(3)?
-5
Let m(l) = -5*l**3 - 3*l**2 + 4*l + 9. Let j(n) = -n**3 + n + 1. Let a(r) = -6*j(r) + m(r). What is a(2)?
-5
Let c(m) = m**3 - 4*m**2 - 4*m - 6. Let x be c(5). Let w be -2 + (1 - (-1 - x)). Let f(j) = j. Let i(q) = -5*q - 1. Let b(u) = w*i(u) - 4*f(u). Determine b(2).
3
Let u be (-2 - 0)/((-10)/(-5) + 0). Let d(s) = 8*s**3 + 2*s**2 + s. Calculate d(u).
-7
Let w(s) = s + 0 + 3 + 5. Suppose -15*x + 282 = -62*x. Calculate w(x).
2
Suppose -12 = 5*f + 33. Let i = f - -13. Let a(o) = 5 + 2 + i*o + o**2 - 2*o**2 - 3. Calculate a(4).
4
Let c(g) be the second derivative of -g**3/6 + 3*g**2 - 33*g. Calculate c(4).
2
Let h(u) = -u**2 + 16*u - 12*u - 9*u + 5. What is h(-5)?
5
Let g(w) = 2 - 1 - 4*w - w. Suppose 0 = q - 1 - 0. Determine g(